ulate the remainder when 241519 is divided by 361.
10
Calculate the remainder when 709226 is divided by 37.
10
What is the remainder when 10093252 is divided by 8590?
2
Calculate the remainder when 57746690 is divided by 15.
5
What is the remainder when 6244844 is divided by 254?
0
Calculate the remainder when 8779 is divided by 4354.
71
What is the remainder when 76369277 is divided by 40?
37
Calculate the remainder when 144837 is divided by 48211.
204
Calculate the remainder when 29143872 is divided by 30.
12
Calculate the remainder when 675633 is divided by 972.
93
What is the remainder when 12812152 is divided by 328516?
28
Calculate the remainder when 5600688 is divided by 4038.
4020
What is the remainder when 808020 is divided by 758?
750
Calculate the remainder when 28106362 is divided by 961.
956
Calculate the remainder when 152499556 is divided by 1337.
1336
Calculate the remainder when 123843105 is divided by 47.
32
Calculate the remainder when 261653 is divided by 1301.
152
Calculate the remainder when 262193 is divided by 261771.
422
What is the remainder when 5776399 is divided by 2888195?
9
What is the remainder when 503825 is divided by 11448?
113
What is the remainder when 170766762 is divided by 18061?
7
What is the remainder when 38691516 is divided by 64?
60
Calculate the remainder when 29391 is divided by 7342.
23
What is the remainder when 527604 is divided by 65949?
12
What is the remainder when 1428872 is divided by 25?
22
What is the remainder when 5414323 is divided by 416467?
252
What is the remainder when 4843714 is divided by 4843672?
42
Calculate the remainder when 31419101 is divided by 45.
11
Calculate the remainder when 352975 is divided by 87444.
3199
What is the remainder when 29821854 is divided by 1501?
1487
What is the remainder when 632990 is divided by 63298?
10
What is the remainder when 159456 is divided by 68?
64
Calculate the remainder when 2905249 is divided by 1452611.
27
Calculate the remainder when 1020938 is divided by 2236.
1322
What is the remainder when 6419532 is divided by 959?
945
What is the remainder when 4954352 is divided by 222?
200
Calculate the remainder when 10353423 is divided by 10864.
31
Calculate the remainder when 48588481 is divided by 89.
88
What is the remainder when 1383174 is divided by 10806?
6
Calculate the remainder when 213249726 is divided by 38.
34
What is the remainder when 31082003 is divided by 436?
435
Calculate the remainder when 13703124 is divided by 4484.
20
Calculate the remainder when 34391 is divided by 1900.
191
Calculate the remainder when 49613947 is divided by 16537982.
1
What is the remainder when 1193954 is divided by 40?
34
What is the remainder when 38503590 is divided by 19251773?
44
Calculate the remainder when 1142431 is divided by 118.
73
What is the remainder when 2493675 is divided by 567?
9
What is the remainder when 4359816 is divided by 7?
6
What is the remainder when 37022705 is divided by 2599?
2549
Calculate the remainder when 1462135 is divided by 162389.
634
What is the remainder when 24137 is divided by 11769?
599
What is the remainder when 17501 is divided by 17369?
132
What is the remainder when 80432 is divided by 39149?
2134
What is the remainder when 7271603 is divided by 119?
108
What is the remainder when 107366241 is divided by 26841557?
13
Calculate the remainder when 104347 is divided by 1607.
1499
What is the remainder when 388275 is divided by 194136?
3
Calculate the remainder when 111134 is divided by 111102.
32
Calculate the remainder when 83034770 is divided by 32.
18
What is the remainder when 4050510 is divided by 22?
2
Calculate the remainder when 4381336 is divided by 365110.
16
What is the remainder when 9213 is divided by 396?
105
What is the remainder when 233493447 is divided by 33938?
7
What is the remainder when 2484748 is divided by 2719?
2301
Calculate the remainder when 2264316 is divided by 6470.
6286
What is the remainder when 221820 is divided by 44362?
10
What is the remainder when 155314806 is divided by 563?
559
What is the remainder when 205295 is divided by 121?
79
What is the remainder when 954029 is divided by 13814?
863
What is the remainder when 426835 is divided by 1587?
1519
Calculate the remainder when 822168 is divided by 225.
18
Calculate the remainder when 2223146 is divided by 300.
146
Calculate the remainder when 15015578 is divided by 27.
14
Calculate the remainder when 35747316 is divided by 444.
432
What is the remainder when 2769105 is divided by 1384552?
1
What is the remainder when 2170809 is divided by 47?
20
Calculate the remainder when 78833596 is divided by 145.
141
What is the remainder when 941441 is divided by 104?
33
Calculate the remainder when 3565679 is divided by 1188361.
596
Calculate the remainder when 407865 is divided by 64.
57
What is the remainder when 305306 is divided by 1326?
326
What is the remainder when 1191431 is divided by 514?
493
Calculate the remainder when 129355 is divided by 7184.
43
Calculate the remainder when 1239166 is divided by 1539.
271
What is the remainder when 724510 is divided by 2787?
2677
What is the remainder when 166294 is divided by 6327?
1792
What is the remainder when 420078 is divided by 139222?
2412
What is the remainder when 4492106 is divided by 103?
70
Calculate the remainder when 897130 is divided by 1253.
1235
Calculate the remainder when 216877790 is divided by 201.
197
What is the remainder when 1686816 is divided by 429?
417
What is the remainder when 513299 is divided by 13871?
72
What is the remainder when 211076 is divided by 760?
556
What is the remainder when 1676605 is divided by 1383?
409
What is the remainder when 1183033 is divided by 7682?
5
Calculate the remainder when 103889217 is divided by 146.
143
Calculate the remainder when 916716 is divided by 229171.
32
Calculate the remainder when 1513602 is divided by 550.
2
Calculate the remainder when 8440347 is divided by 1098.
21
What is the remainder when 79513798 is divided by 54?
40
Calculate the remainder when 21017 is divided by 10459.
99
Calculate the remainder when 478726 is divided by 824.
806
What is the remainder when 9418190 is divided by 61?
34
What is the remainder when 24385114 is divided by 122?
120
Calculate the remainder when 36941 is divided by 7782.
5813
Calculate the remainder when 478175938 is divided by 110.
108
What is the remainder when 70249 is divided by 1596?
25
What is the remainder when 1076175 is divided by 13976?
23
What is the remainder when 8775673 is divided by 75?
73
What is the remainder when 16168569 is divided by 5389520?
9
What is the remainder when 2415937 is divided by 20646?
355
What is the remainder when 89146909 is divided by 731?
728
Calculate the remainder when 756095 is divided by 251771.
782
What is the remainder when 137399341 is divided by 354122?
5
What is the remainder when 57229 is divided by 19063?
40
What is the remainder when 5966 is divided by 2654?
658
Calculate the remainder when 1276867 is divided by 35.
32
Calculate the remainder when 5254 is divided by 1231.
330
What is the remainder when 1640702 is divided by 208?
206
What is the remainder when 851885 is divided by 5788?
1049
Calculate the remainder when 9305082 is divided by 1248.
1242
Calculate the remainder when 51948604 is divided by 29054.
52
What is the remainder when 2388496 is divided by 83?
5
What is the remainder when 4160199 is divided by 2200?
2199
Calculate the remainder when 317770 is divided by 105919.
13
What is the remainder when 403083 is divided by 956?
607
What is the remainder when 13252087 is divided by 1019390?
17
Calculate the remainder when 117384 is divided by 116523.
861
Calculate the remainder when 3626962 is divided by 27.
25
Calculate the remainder when 3250771 is divided by 108357.
61
Calculate the remainder when 190206 is divided by 1714.
1666
What is the remainder when 7678908 is divided by 262?
212
What is the remainder when 1762009 is divided by 899?
868
What is the remainder when 3045698 is divided by 2157?
14
What is the remainder when 106705423 is divided by 2181?
2179
Calculate the remainder when 4723 is divided by 4168.
555
Calculate the remainder when 14314582 is divided by 5164.
5138
Calculate the remainde